 v.
7
Let s = 213 + -125. What is the greatest common divisor of s and 220?
44
Suppose 1027 = 7*b - 233. Calculate the highest common divisor of 40 and b.
20
Let g = -37 + 51. Let y be (-3)/6*2*-55. Let t be y + (0 + 1)/1. What is the greatest common divisor of g and t?
14
Let m(p) = -p**3 + 3*p**2 - p - 4. Suppose 4*n - 6 = 7*n. Let h be m(n). What is the greatest common factor of h and 45?
9
Let t = -4 - -6. Let a be (27/45)/((9/30)/3). Suppose -a = -c + t. Calculate the highest common factor of c and 2.
2
Let w = -25 + 35. Suppose w*l - 8*l = 0. Suppose 3*i - 44 = -2*o, 0 = -i - l*o + 2*o + 4. What is the greatest common factor of 6 and i?
6
Suppose 0*i - 3*i = -n - 23, 4*n = -4*i + 4. Let g(o) = o + 9. Let r be g(-4). Let d = 49 + r. Calculate the greatest common factor of i and d.
6
Suppose 9 - 3 = 2*i. Suppose -z = i - 23. Suppose 2*n - z = -3*n. What is the greatest common factor of n and 36?
4
Let t be (8 - 1) + 0 - (-47 - -34). What is the highest common factor of t and 640?
20
Let a = 3 + -1. Let l be (a + -1)*0/1. Suppose -5*p + 512 + 38 = l. Calculate the greatest common factor of 44 and p.
22
Suppose 32 = w - 52. Calculate the highest common factor of 18 and w.
6
Suppose -2*t - 30 = -2*y, -2*y - t + 2*t = -25. Let s = 195 + -190. What is the greatest common divisor of s and y?
5
Suppose 48*b = 49*b - 9. What is the greatest common factor of 279 and b?
9
Suppose 300 = 4*u - 5*a, 6*u + 82 = 7*u - 3*a. Calculate the greatest common factor of 315 and u.
35
Let g(u) = u - 6. Let v be g(6). Let p be 3*5 - (v - 3). Let b = 2 + 16. Calculate the greatest common divisor of b and p.
18
Let c(p) = 4*p + 12. Let y(q) = q**3 - 8*q**2 + 8*q - 7. Let t be y(7). Let b be c(t). What is the greatest common divisor of 12 and b?
12
Let v(p) = p**2 + 71*p + 465. Let m be v(-6). What is the greatest common divisor of m and 725?
25
Let c be -3 + (4 - -2)*(-22)/(-6). Let m = c + 5. What is the greatest common factor of 48 and m?
24
Suppose 11*x = 13*x - 4. Let b be -3 + -10*((-7)/x - -2). Calculate the greatest common factor of 6 and b.
6
Let w = -1052 + 1162. Calculate the greatest common factor of 5 and w.
5
Let n be (-7 - (-1 + -2)) + 30. Suppose -x + 4 - 3 = 0. Let t be (7 - -4) + (3 - x). What is the greatest common factor of n and t?
13
Let w(y) = y**3 - 6*y**2 - y + 14. Let j be w(6). Let k(r) = -r**2 + 5*r + 40. Let o be k(j). What is the highest common divisor of 32 and o?
16
Let f be 242 + 0/2 - -2. Let v = 370 - f. Let g(d) = -32*d - 334. Let y be g(-11). Calculate the highest common divisor of y and v.
18
Let i = -19 - -17. Let h be 10*2/4 + i. Suppose -h*s + u = -0*u - 1, 0 = -2*s + u - 1. Calculate the highest common factor of s and 2.
2
Let b be (4/(-10))/((-2)/20). Suppose 0 = b*a - 196 - 24. Suppose -11 + a = 4*l. Calculate the highest common factor of 88 and l.
11
Suppose -n = j - 29, -3*n + 11 - 84 = -2*j. Let i(o) = o**3 - o**2. Let h be i(4). What is the greatest common divisor of h and j?
16
Let b = -79 + 121. Let l = b - 2. What is the highest common factor of 100 and l?
20
Suppose 0 = 3*t + 125 - 1100. Let o = t - 192. Calculate the greatest common divisor of 19 and o.
19
Suppose 0 = -3*f + 712 + 23. Let i be 11770/330 + 2/(-3). Calculate the highest common divisor of i and f.
35
Let o = 21 - 22. Let s be (o - -3) + 5 + -7. Suppose -5*b - 60 = -3*d + d, 2*d - 3*b - 64 = s. Calculate the greatest common factor of 5 and d.
5
Let d be -2*1*(-44)/(-8). Suppose 5*a - 103 = 12. Let h = d + a. Calculate the greatest common divisor of h and 120.
12
Suppose -15*v = -13318 + 4153. Calculate the greatest common factor of v and 47.
47
Let t = -374 + 486. What is the greatest common divisor of t and 126?
14
Suppose 6*h - 3*l = 8*h - 329, -2*h + l + 357 = 0. Suppose -6 - 99 = -3*u. Calculate the highest common factor of h and u.
35
Suppose -3*m = -15, 4*m - 17 = 2*q + 3. Let t = 80 + q. What is the greatest common factor of t and 10?
10
Suppose 0 = 2*l + 51 + 31. Let b = -76 - l. Let v be (-273)/b - (-2)/10. Calculate the highest common divisor of v and 56.
8
Let u = -181 + 346. Suppose g - h - 95 = -g, -3*h + u = 4*g. Calculate the highest common factor of 5 and g.
5
Let r = 16 + 12. Suppose 2*a - 33 = 5*h + r, -51 = -2*a - 5*h. What is the highest common factor of 21 and a?
7
Suppose -3*g - 2*g + 19 = 3*q, -2*q + 16 = 5*g. Suppose -66 = -g*r + 110. Calculate the highest common factor of r and 22.
22
Let s(o) = -8*o + 168. Let p be s(19). What is the highest common divisor of p and 1072?
16
Let r be (-4)/(-6) + 136/12. Let i(o) = 2*o**2 + 14*o - 16. Let u be i(-8). Suppose w = -u*w + 18. Calculate the highest common divisor of w and r.
6
Suppose -4*d + 16 = -4*a, -a + 5*a = -2*d + 2. Let h(p) = 3*p - 3. Let b be h(d). Let r = -87 - -129. What is the greatest common divisor of b and r?
6
Let s be -8 - -9 - (-1 + 0). Let j(i) = s*i + 96*i**3 - 4*i + i**2 + 3*i - 3*i. Let h be j(1). Calculate the highest common factor of h and 19.
19
Let y(c) be the second derivative of 7/12*c**4 - 3/2*c**3 + 0 - 3*c**2 + 1/20*c**5 + 8*c. Let g be y(-6). What is the greatest common divisor of 12 and g?
12
Let y(s) = s**3 + 6*s**2 - 47*s - 35. Let a be y(-10). Let k be (-1)/2*2 + 11. What is the greatest common factor of k and a?
5
Let f be (-10)/(-2) - (-1539)/135*10. Let u = -20 - -37. Calculate the greatest common divisor of u and f.
17
Let t be (1 + 0)/(2/26). Let g(h) = -h**2 + 7*h - 4. Let m be g(7). Let l be -3 - (2*-71 + m). Calculate the greatest common divisor of l and t.
13
Let p(g) = 9*g**2 - g + 1. Let z be p(2). Suppose -40 - z = -5*f. Let b = 2999 - 2993. What is the greatest common divisor of b and f?
3
Let y(n) = n**2 + 18*n - 1. Let c be y(-20). Calculate the highest common divisor of c and 78.
39
Let w(u) = 1504*u + 33. Let s be w(1). What is the greatest common divisor of 29 and s?
29
Suppose c = 3*q + q + 80, 5*c = q + 343. Let b be (0 + 2)*(-2 + 60/8). Let h = 28 - b. Calculate the greatest common factor of c and h.
17
Let w(l) = 6*l**2 + l - 7. Let u(j) = -j**2 - j. Let y(x) = 4*u(x) + w(x). Let k be y(5). Calculate the highest common divisor of k and 8.
4
Suppose -42 = 19*y - 194. What is the highest common factor of 648 and y?
8
Let b be ((-6)/9 - 6/(-9))/(-2). Suppose q = -2*q + 4*i + 28, 3*q + 2*i - 4 = b. Calculate the greatest common factor of q and 4.
4
Let p be (-3)/9 + (-268)/(-12). Suppose 4*w - 70 = p. Suppose -128 = -5*j - w. What is the highest common factor of j and 7?
7
Let q be (-12)/(-42) + 2/(-7). Suppose q = 5*c - 3*x - 200, -120 = -4*c + c - x. Calculate the highest common divisor of 60 and c.
20
Let v = 875 + -724. What is the greatest common divisor of 1 and v?
1
Let n be 2/(-6) + 106/3. Let o = -30 - -28. Let x = 7 + o. What is the highest common divisor of x and n?
5
Let s(a) = a + 27. Let i be s(9). Calculate the highest common factor of 16 and i.
4
Suppose q - 3*d = -0*d + 57, 3*q - 2*d = 164. Let s = 7 + -1. What is the highest common factor of s and q?
6
Suppose 9 + 0 = -5*h - 3*j, 5*j - 10 = 0. Let v be ((-4)/h)/((-2)/(-60)). Calculate the highest common divisor of v and 5.
5
Suppose 0 = 2*j - 2*q - 42, 4*j = -2*q - 7 + 85. Suppose 4*k + 4*z = j, -4*k + z + 49 = k. What is the highest common factor of 81 and k?
9
Let y be (-1)/(9/111)*-30. Calculate the greatest common factor of y and 333.
37
Let x(b) = 6*b - 9. Let r be x(4). Suppose -10*m = -154 - 896. What is the greatest common factor of m and r?
15
Let f = -11 + 11. Suppose -4*d + 20 = 4*q, 2*d - 3*q = -f*d. Let t(w) = 10*w**2. Let v be t(d). What is the highest common divisor of 18 and v?
18
Suppose d - 4*o - 27 - 36 = 0, 2*d = 4*o + 114. Calculate the greatest common factor of 4 and d.
1
Let y(x) = -x**2 - 4*x + 1. Let r be y(-3). Let h be 34 + (4/r - 0). Calculate the greatest common factor of h and 245.
35
Suppose 0 = 2*c - 17 - 5. Suppose -c*u = -10*u - 4. What is the greatest common divisor of u and 10?
2
Suppose 2*x - 21 = 7. Calculate the greatest common factor of 2 and x.
2
Let m(y) = 65*y**3 - 5*y**2 + 3*y + 1. Let j be m(1). Calculate the highest common divisor of 384 and j.
64
Let k = -27 - -31. Suppose 0 = 3*m - 3*i + 18, 0 = 4*m - 0*i + 5*i + 42. Let f = k - m. Calculate the highest common factor of 4 and f.
4
Let o be ((-15)/(-30))/((-6)/